{"id":5861,"date":"2019-06-25T09:55:56","date_gmt":"2019-06-25T09:55:56","guid":{"rendered":"http:\/\/www.janahrabkova.cz\/?page_id=5861"},"modified":"2022-08-31T15:14:01","modified_gmt":"2022-08-31T15:14:01","slug":"index-php-kvantova-regrese-2","status":"publish","type":"page","link":"https:\/\/janahrabkova.cz\/index.php\/index-php-kvantova-regrese-2\/","title":{"rendered":"Individu\u00e1ln\u00ed regrese"},"content":{"rendered":"[vc_row type=&#8220;full_width_background&#8220; full_screen_row_position=&#8220;middle&#8220; bg_image=&#8220;5882&#8243; bg_position=&#8220;left center&#8220; bg_repeat=&#8220;no-repeat&#8220; scene_position=&#8220;center&#8220; mouse_sensitivity=&#8220;10&#8243; text_color=&#8220;dark&#8220; text_align=&#8220;left&#8220; top_padding=&#8220;5%&#8220; bottom_padding=&#8220;0%&#8220; enable_gradient=&#8220;true&#8220; color_overlay=&#8220;#ffffff&#8220; gradient_direction=&#8220;left_to_right&#8220; overlay_strength=&#8220;1&#8243; enable_shape_divider=&#8220;true&#8220; shape_divider_position=&#8220;both&#8220; bg_image_animation=&#8220;none&#8220; parallax_bg=&#8220;true&#8220; parallax_bg_speed=&#8220;fast&#8220; shape_type=&#8220;curve_opacity&#8220;][vc_column centered_text=&#8220;true&#8220; column_padding=&#8220;no-extra-padding&#8220; column_padding_position=&#8220;left-right&#8220; background_color_opacity=&#8220;1&#8243; background_hover_color_opacity=&#8220;1&#8243; column_link_target=&#8220;_self&#8220; column_shadow=&#8220;none&#8220; column_border_radius=&#8220;none&#8220; width=&#8220;1\/4&#8243; tablet_width_inherit=&#8220;default&#8220; tablet_text_alignment=&#8220;default&#8220; phone_text_alignment=&#8220;default&#8220; column_border_width=&#8220;none&#8220; column_border_style=&#8220;solid&#8220; bg_image_animation=&#8220;none&#8220;][vc_row_inner column_margin=&#8220;default&#8220; text_align=&#8220;left&#8220;][vc_column_inner column_padding=&#8220;no-extra-padding&#8220; column_padding_position=&#8220;all&#8220; background_color_opacity=&#8220;1&#8243; background_hover_color_opacity=&#8220;1&#8243; column_shadow=&#8220;none&#8220; column_border_radius=&#8220;none&#8220; column_link_target=&#8220;_self&#8220; width=&#8220;1\/1&#8243; tablet_width_inherit=&#8220;default&#8220; column_border_width=&#8220;none&#8220; column_border_style=&#8220;solid&#8220; bg_image_animation=&#8220;none&#8220;][\/vc_column_inner][\/vc_row_inner][vc_row_inner column_margin=&#8220;default&#8220; text_align=&#8220;left&#8220;][vc_column_inner column_padding=&#8220;no-extra-padding&#8220; column_padding_position=&#8220;all&#8220; background_color_opacity=&#8220;1&#8243; background_hover_color_opacity=&#8220;1&#8243; column_shadow=&#8220;none&#8220; column_border_radius=&#8220;none&#8220; column_link_target=&#8220;_self&#8220; width=&#8220;1\/1&#8243; tablet_width_inherit=&#8220;default&#8220; column_border_width=&#8220;none&#8220; column_border_style=&#8220;solid&#8220; bg_image_animation=&#8220;none&#8220;][nectar_btn size=&#8220;small&#8220; button_style=&#8220;see-through&#8220; button_color_2=&#8220;extra-color-gradient-1&#8243; icon_family=&#8220;none&#8220; text=&#8220;O sezen\u00ed&#8220; url=&#8220;http:\/\/www.janahrabkova.cz\/index.php\/kvantova-regrese-o-sezeni\/&#8220;][\/vc_column_inner][\/vc_row_inner][\/vc_column][vc_column column_padding=&#8220;padding-2-percent&#8220; column_padding_position=&#8220;all&#8220; background_color=&#8220;#ffffff&#8220; background_color_opacity=&#8220;0.5&#8243; background_hover_color_opacity=&#8220;1&#8243; column_link_target=&#8220;_self&#8220; column_shadow=&#8220;none&#8220; column_border_radius=&#8220;none&#8220; width=&#8220;1\/2&#8243; tablet_width_inherit=&#8220;default&#8220; tablet_text_alignment=&#8220;default&#8220; phone_text_alignment=&#8220;default&#8220; column_border_width=&#8220;none&#8220; column_border_style=&#8220;solid&#8220; bg_image_animation=&#8220;zoom-out-slow&#8220; enable_animation=&#8220;true&#8220; animation=&#8220;grow-in&#8220;][vc_custom_heading text=&#8220;Regrese do minul\u00fdch \u017eivot\u016f a komunikace s Vy\u0161\u0161\u00edm V\u011bdom\u00edm&#8220; font_container=&#8220;tag:h2|text_align:center|color:%2337baf2&#8243; google_fonts=&#8220;font_family:Dancing%20Script%3Aregular%2C700|font_style:700%20bold%20regular%3A700%3Anormal&#8220; css_animation=&#8220;fadeInDown&#8220;][vc_row_inner content_placement=&#8220;middle&#8220; column_margin=&#8220;default&#8220; top_padding=&#8220;10&#8243; bottom_padding=&#8220;5&#8243; text_align=&#8220;left&#8220;][vc_column_inner column_padding=&#8220;no-extra-padding&#8220; column_padding_position=&#8220;all&#8220; background_color_opacity=&#8220;1&#8243; background_hover_color_opacity=&#8220;1&#8243; column_shadow=&#8220;none&#8220; column_border_radius=&#8220;none&#8220; column_link_target=&#8220;_self&#8220; width=&#8220;1\/1&#8243; tablet_width_inherit=&#8220;default&#8220; column_border_width=&#8220;none&#8220; column_border_style=&#8220;solid&#8220; bg_image_animation=&#8220;none&#8220;][vc_column_text css_animation=&#8220;fadeIn&#8220;]\n<h4>Metoda individu\u00e1ln\u00ed regrese v\u00e1s provede va\u0161imi minul\u00fdmi \u017eivoty a sou\u010dasn\u011b v\u00e1m poskytne odpov\u011bdi na jak\u00e9koliv situace ve va\u0161em \u017eivot\u011b.<\/h4>\n<p>To je dosa\u017eeno p\u0159i spojen\u00ed s va\u0161\u00edm Vy\u0161\u0161\u00edm V\u011bdom\u00edm. N\u011bkte\u0159\u00ed lid\u00e9 Vy\u0161\u0161\u00ed V\u011bdom\u00ed naz\u00fdvaj\u00ed intuic\u00ed. Vy\u0161\u0161\u00ed V\u011bdom\u00ed neboli va\u0161i duchovn\u00ed pr\u016fvodci v\u00e1m r\u016fzn\u00fdmi zp\u016fsoby pom\u00e1haj\u00ed, rad\u00ed a ochra\u0148uj\u00ed v\u00e1s.[\/vc_column_text][\/vc_column_inner][vc_column_inner column_padding=&#8220;no-extra-padding&#8220; column_padding_position=&#8220;all&#8220; background_color_opacity=&#8220;1&#8243; background_hover_color_opacity=&#8220;1&#8243; column_shadow=&#8220;none&#8220; column_border_radius=&#8220;none&#8220; top_margin=&#8220;10&#8243; column_link_target=&#8220;_self&#8220; width=&#8220;1\/1&#8243; tablet_width_inherit=&#8220;default&#8220; column_border_width=&#8220;none&#8220; column_border_style=&#8220;solid&#8220; bg_image_animation=&#8220;none&#8220;][vc_video link=&#8220;https:\/\/youtu.be\/83HX1gQkWX4&#8243;][\/vc_column_inner][\/vc_row_inner][vc_row_inner equal_height=&#8220;yes&#8220; content_placement=&#8220;top&#8220; column_margin=&#8220;default&#8220; text_align=&#8220;left&#8220;][vc_column_inner column_padding=&#8220;no-extra-padding&#8220; column_padding_position=&#8220;all&#8220; background_color_opacity=&#8220;1&#8243; background_hover_color_opacity=&#8220;1&#8243; column_shadow=&#8220;none&#8220; column_border_radius=&#8220;none&#8220; top_margin=&#8220;0&#8243; column_link_target=&#8220;_self&#8220; width=&#8220;1\/1&#8243; tablet_width_inherit=&#8220;default&#8220; column_border_width=&#8220;none&#8220; column_border_style=&#8220;solid&#8220; bg_image_animation=&#8220;none&#8220;][vc_column_text]P\u0159i sezen\u00ed v\u00e1m va\u0161e Vy\u0161\u0161\u00ed V\u011bdom\u00ed vybere minul\u00fd \u017eivot nebo minul\u00e9 \u017eivoty, aby v\u00e1m uk\u00e1zalo podobnosti s va\u0161\u00edm sou\u010dasn\u00fdm \u017eivotem. To v\u00e1m pom\u016f\u017ee pochopit konflikty, probl\u00e9my, t\u011b\u017ekosti, v\u00fdzvy a nep\u0159\u00edjemnosti, kter\u00e9 se v\u00e1m st\u00e1vaj\u00ed v sou\u010dasn\u00e9m \u017eivot\u011b. Tak\u00e9 v\u00e1m odpov\u00ed na va\u0161e ot\u00e1zky, pom\u016f\u017ee v\u00e1m pou\u010dit se a posunout se vp\u0159ed.<\/p>\n<p>Po prozkoum\u00e1n\u00ed minul\u00fdch \u017eivot\u016f budu mluvit s va\u0161\u00edm Vy\u0161\u0161\u00edm V\u011bdom\u00edm p\u0159\u00edmo p\u0159es v\u00e1s. To je ta chv\u00edle kdy dostanete odpov\u011bdi na va\u0161e ot\u00e1zky.<br \/>\nVy\u0161\u0161\u00ed V\u011bdom\u00ed je vlastn\u011b va\u0161e \u201cDruh\u00e9 J\u00e1\u201d. V\u00ed v\u0161echno. Zn\u00e1 v\u00e1s l\u00e9pe ne\u017e vy sebe sama. V\u00ed, co je pro v\u00e1s a v\u00e1\u0161 \u017eivot to nejlep\u0161\u00ed. Vy\u0161\u0161\u00ed V\u011bdom\u00ed je velmi miluj\u00edc\u00ed, milosrdn\u00e9 a m\u00e1 na srdci pouze v\u00e1\u0161 nejlep\u0161\u00ed z\u00e1jem. Vy\u0161\u0161\u00ed V\u011bdom\u00ed v\u00ed a rozum\u00ed tomu, co je nejlep\u0161\u00ed pro va\u0161\u00ed du\u0161i i t\u011blo. Vy\u0161\u0161\u00ed V\u011bdom\u00ed nem\u00e1 \u017e\u00e1dn\u00e1 omezen\u00ed.<br \/>\nJ\u00e1 budu va\u0161im pr\u016fvodcem touto cestou pozn\u00e1n\u00ed. M\u00fdm z\u00e1jmem a povinnost\u00ed je prov\u00e9st v\u00e1s t\u00edmto procesem tak, aby se v\u00e1m dostalo odpov\u00eddaj\u00edc\u00ed \u0159e\u0161en\u00ed va\u0161ich probl\u00e9m\u016f.[\/vc_column_text][\/vc_column_inner][\/vc_row_inner][vc_column_text css_animation=&#8220;fadeInRight&#8220;]<strong>Nezapome\u0148te na to, aby se V\u00e1\u0161 \u017eivot obr\u00e1til k lep\u0161\u00edmu, je to podm\u00edn\u011bno i Va\u0161\u00edm up\u0159\u00edmn\u00fdm \u00fasil\u00edm o zm\u011bnu. Nehledejte p\u0159\u00ed\u010diny kolem V\u00e1s, ale ve V\u00e1s. Nikdo jin\u00fd to za V\u00e1s neud\u011bl\u00e1. Ani Vesm\u00edr.<\/strong>[\/vc_column_text][vc_column_text css_animation=&#8220;fadeInRight&#8220;]<strong>Nezapome\u0148te na to, aby se V\u00e1\u0161 \u017eivot obr\u00e1til k lep\u0161\u00edmu, je to podm\u00edn\u011bno i Va\u0161\u00edm up\u0159\u00edmn\u00fdm \u00fasil\u00edm o zm\u011bnu. Nehledejte p\u0159\u00ed\u010diny kolem V\u00e1s, ale ve V\u00e1s. Nikdo jin\u00fd to za V\u00e1s neud\u011bl\u00e1. Ani Vesm\u00edr.<\/strong>[\/vc_column_text][vc_row_inner content_placement=&#8220;middle&#8220; column_margin=&#8220;default&#8220; text_align=&#8220;center&#8220;][vc_column_inner column_padding=&#8220;no-extra-padding&#8220; column_padding_position=&#8220;all&#8220; centered_text=&#8220;true&#8220; background_color_opacity=&#8220;1&#8243; background_hover_color_opacity=&#8220;1&#8243; column_shadow=&#8220;none&#8220; column_border_radius=&#8220;10px&#8220; column_link_target=&#8220;_self&#8220; boxed=&#8220;true&#8220; width=&#8220;1\/2&#8243; tablet_width_inherit=&#8220;default&#8220; column_border_width=&#8220;none&#8220; column_border_style=&#8220;solid&#8220; bg_image_animation=&#8220;none&#8220; enable_animation=&#8220;true&#8220; animation=&#8220;grow-in&#8220; delay=&#8220;400&#8243;][vc_column_text]\n<h5>Individu\u00e1ln\u00ed regrese<\/h5>\n[\/vc_column_text][nectar_gradient_text heading_tag=&#8220;h2&#8243; color=&#8220;extra-color-gradient-1&#8243; gradient_direction=&#8220;horizontal&#8220; text=&#8220;2500 K\u010d&#8220;][nectar_gradient_text heading_tag=&#8220;h6&#8243; color=&#8220;extra-color-gradient-1&#8243; gradient_direction=&#8220;horizontal&#8220; text=&#8220;\/ sezen\u00ed&#8220; margin_top=&#8220;-40px&#8220;][vc_column_text css=&#8220;.vc_custom_1572783192056{margin-top: -20px !important;}&#8220;]Minul\u00e9 \u017eivoty a komunikace s Vy\u0161\u0161\u00edm V\u011bdom\u00edm[\/vc_column_text][\/vc_column_inner][vc_column_inner column_padding=&#8220;no-extra-padding&#8220; column_padding_position=&#8220;all&#8220; background_color_opacity=&#8220;1&#8243; background_hover_color_opacity=&#8220;1&#8243; column_shadow=&#8220;none&#8220; column_border_radius=&#8220;none&#8220; column_link_target=&#8220;_self&#8220; width=&#8220;1\/2&#8243; tablet_width_inherit=&#8220;default&#8220; column_border_width=&#8220;none&#8220; column_border_style=&#8220;solid&#8220; bg_image_animation=&#8220;none&#8220;][\/vc_column_inner][\/vc_row_inner][\/vc_column][vc_column column_padding=&#8220;no-extra-padding&#8220; column_padding_position=&#8220;all&#8220; background_color_opacity=&#8220;1&#8243; background_hover_color_opacity=&#8220;1&#8243; column_link_target=&#8220;_self&#8220; column_shadow=&#8220;none&#8220; column_border_radius=&#8220;none&#8220; top_margin=&#8220;5%&#8220; width=&#8220;1\/4&#8243; tablet_width_inherit=&#8220;default&#8220; tablet_text_alignment=&#8220;default&#8220; phone_text_alignment=&#8220;default&#8220; column_border_width=&#8220;none&#8220; column_border_style=&#8220;solid&#8220; bg_image_animation=&#8220;none&#8220;][vc_row_inner equal_height=&#8220;yes&#8220; content_placement=&#8220;top&#8220; column_margin=&#8220;default&#8220; top_padding=&#8220;0&#8243; bottom_padding=&#8220;0&#8243; text_align=&#8220;left&#8220; css=&#8220;.vc_custom_1580903941548{background-color: #ffffff !important;}&#8220;][vc_column_inner column_padding=&#8220;no-extra-padding&#8220; column_padding_position=&#8220;all&#8220; centered_text=&#8220;true&#8220; background_color=&#8220;#ffffff&#8220; background_color_opacity=&#8220;0.4&#8243; background_hover_color_opacity=&#8220;1&#8243; column_shadow=&#8220;none&#8220; column_border_radius=&#8220;none&#8220; top_margin=&#8220;0&#8243; column_link_target=&#8220;_self&#8220; width=&#8220;1\/1&#8243; tablet_width_inherit=&#8220;default&#8220; column_border_width=&#8220;none&#8220; column_border_style=&#8220;solid&#8220; bg_image_animation=&#8220;none&#8220;][vc_video link=&#8220;https:\/\/www.youtube.com\/watch?v=ylcKFVfF0D4&amp;t=9s&#8220;][vc_column_text]Here\u010dku Eli\u0161ku Jansovou jsem prov\u00e1zela regres\u00ed, kter\u00e1 byla sou\u010d\u00e1st\u00ed talkshow &#8222;Strom \u017eivot\u016f s Martinem Krausem&#8220;[\/vc_column_text][vc_video link=&#8220;https:\/\/www.youtube.com\/watch?v=jlGOmX0cMA8&amp;t=2s&#8220;][vc_column_text]S Eli\u0161kou jsme se ptali jej\u00edho Vy\u0161\u0161\u00edho v\u011bdom\u00ed na ot\u00e1zky, kter\u00e9 si Eli\u0161ka p\u0159ipravila.[\/vc_column_text][vc_video link=&#8220;https:\/\/www.youtube.com\/watch?v=s8ekFNBfpT8&#038;feature=share&#038;fbclid=IwAR1f6JEgzxk8FJL8MB41n-Gr8ubGZcqUYwB_Mw06xHONUk-dRrciuVRRoUk&#8220;][vc_column_text]Uv\u011bdom\u011bn\u00ed s Josefem LIFE &#8211; Regrese a minulost, kter\u00e1 n\u00e1s ovl\u00e1d\u00e1 v p\u0159\u00edtomnosti s Janou Hr\u00e1bkovou.[\/vc_column_text][\/vc_column_inner][\/vc_row_inner][\/vc_column][\/vc_row][vc_row type=&#8220;in_container&#8220; full_screen_row_position=&#8220;middle&#8220; scene_position=&#8220;center&#8220; text_color=&#8220;dark&#8220; text_align=&#8220;left&#8220; top_padding=&#8220;20&#8243; overlay_strength=&#8220;0.3&#8243; shape_divider_position=&#8220;bottom&#8220; bg_image_animation=&#8220;none&#8220; shape_type=&#8220;&#8220;][vc_column column_padding=&#8220;no-extra-padding&#8220; column_padding_position=&#8220;all&#8220; background_color_opacity=&#8220;1&#8243; background_hover_color_opacity=&#8220;1&#8243; column_link_target=&#8220;_self&#8220; column_shadow=&#8220;none&#8220; column_border_radius=&#8220;none&#8220; width=&#8220;1\/3&#8243; tablet_width_inherit=&#8220;default&#8220; tablet_text_alignment=&#8220;default&#8220; phone_text_alignment=&#8220;default&#8220; column_border_width=&#8220;none&#8220; column_border_style=&#8220;solid&#8220; bg_image_animation=&#8220;none&#8220;][\/vc_column][vc_column column_padding=&#8220;no-extra-padding&#8220; column_padding_position=&#8220;all&#8220; background_color_opacity=&#8220;1&#8243; background_hover_color_opacity=&#8220;1&#8243; column_link_target=&#8220;_self&#8220; column_shadow=&#8220;none&#8220; column_border_radius=&#8220;none&#8220; width=&#8220;1\/3&#8243; tablet_width_inherit=&#8220;default&#8220; tablet_text_alignment=&#8220;default&#8220; phone_text_alignment=&#8220;default&#8220; column_border_width=&#8220;none&#8220; column_border_style=&#8220;solid&#8220; bg_image_animation=&#8220;none&#8220;][vc_row_inner column_margin=&#8220;default&#8220; text_align=&#8220;left&#8220;][vc_column_inner column_padding=&#8220;no-extra-padding&#8220; column_padding_position=&#8220;all&#8220; background_color_opacity=&#8220;1&#8243; background_hover_color_opacity=&#8220;1&#8243; column_shadow=&#8220;none&#8220; column_border_radius=&#8220;none&#8220; column_link_target=&#8220;_self&#8220; width=&#8220;1\/1&#8243; tablet_width_inherit=&#8220;default&#8220; column_border_width=&#8220;none&#8220; column_border_style=&#8220;solid&#8220; bg_image_animation=&#8220;none&#8220;][nectar_btn size=&#8220;medium&#8220; button_style=&#8220;see-through&#8220; button_color_2=&#8220;extra-color-gradient-1&#8243; color_override=&#8220;#f7540e&#8220; icon_family=&#8220;fontawesome&#8220; text=&#8220;Jsem tu pro v\u00e1s&#8220; icon_fontawesome=&#8220;fa fa-heart&#8220; margin_left=&#8220;0&#8243; url=&#8220;http:\/\/www.janahrabkova.cz\/index.php\/kontakt\/&#8220;]<div class=\"iwithtext\"><div class=\"iwt-icon\"> <img decoding=\"async\" src=\"https:\/\/janahrabkova.cz\/wp-content\/uploads\/2019\/06\/srdce.jpg\" alt=\"\" \/> <\/div><div class=\"iwt-text\"> Jana Hr\u00e1bkov\u00e1 2019-2021. <\/div><div class=\"clear\"><\/div><\/div>[\/vc_column_inner][\/vc_row_inner][\/vc_column][vc_column column_padding=&#8220;no-extra-padding&#8220; column_padding_position=&#8220;all&#8220; background_color_opacity=&#8220;1&#8243; background_hover_color_opacity=&#8220;1&#8243; column_link_target=&#8220;_self&#8220; column_shadow=&#8220;none&#8220; column_border_radius=&#8220;none&#8220; width=&#8220;1\/3&#8243; tablet_width_inherit=&#8220;default&#8220; tablet_text_alignment=&#8220;default&#8220; phone_text_alignment=&#8220;default&#8220; column_border_width=&#8220;none&#8220; column_border_style=&#8220;solid&#8220; bg_image_animation=&#8220;none&#8220;][\/vc_column][\/vc_row]\n","protected":false},"excerpt":{"rendered":"<p>[vc_row type=&#8220;full_width_background&#8220; full_screen_row_position=&#8220;middle&#8220; bg_image=&#8220;5882&#8243; bg_position=&#8220;left center&#8220; bg_repeat=&#8220;no-repeat&#8220; scene_position=&#8220;center&#8220; mouse_sensitivity=&#8220;10&#8243; text_color=&#8220;dark&#8220; text_align=&#8220;left&#8220; top_padding=&#8220;5%&#8220; bottom_padding=&#8220;0%&#8220; enable_gradient=&#8220;true&#8220; color_overlay=&#8220;#ffffff&#8220; gradient_direction=&#8220;left_to_right&#8220; overlay_strength=&#8220;1&#8243; enable_shape_divider=&#8220;true&#8220; shape_divider_position=&#8220;both&#8220; bg_image_animation=&#8220;none&#8220; parallax_bg=&#8220;true&#8220; parallax_bg_speed=&#8220;fast&#8220; shape_type=&#8220;curve_opacity&#8220;][vc_column centered_text=&#8220;true&#8220; column_padding=&#8220;no-extra-padding&#8220; column_padding_position=&#8220;left-right&#8220; background_color_opacity=&#8220;1&#8243; background_hover_color_opacity=&#8220;1&#8243; column_link_target=&#8220;_self&#8220; column_shadow=&#8220;none&#8220;&#8230;<\/p>\n","protected":false},"author":1,"featured_media":0,"parent":0,"menu_order":0,"comment_status":"closed","ping_status":"closed","template":"","meta":{"footnotes":""},"class_list":["post-5861","page","type-page","status-publish"],"_links":{"self":[{"href":"https:\/\/janahrabkova.cz\/index.php\/wp-json\/wp\/v2\/pages\/5861","targetHints":{"allow":["GET"]}}],"collection":[{"href":"https:\/\/janahrabkova.cz\/index.php\/wp-json\/wp\/v2\/pages"}],"about":[{"href":"https:\/\/janahrabkova.cz\/index.php\/wp-json\/wp\/v2\/types\/page"}],"author":[{"embeddable":true,"href":"https:\/\/janahrabkova.cz\/index.php\/wp-json\/wp\/v2\/users\/1"}],"replies":[{"embeddable":true,"href":"https:\/\/janahrabkova.cz\/index.php\/wp-json\/wp\/v2\/comments?post=5861"}],"version-history":[{"count":120,"href":"https:\/\/janahrabkova.cz\/index.php\/wp-json\/wp\/v2\/pages\/5861\/revisions"}],"predecessor-version":[{"id":6435,"href":"https:\/\/janahrabkova.cz\/index.php\/wp-json\/wp\/v2\/pages\/5861\/revisions\/6435"}],"wp:attachment":[{"href":"https:\/\/janahrabkova.cz\/index.php\/wp-json\/wp\/v2\/media?parent=5861"}],"curies":[{"name":"wp","href":"https:\/\/api.w.org\/{rel}","templated":true}]}}